mmon factor of d and 2.
2
Let s = 56 + -31. What is the greatest common factor of 275 and s?
25
Let l = 316 + -162. Suppose -3*p - 461 = t, -2*p - 2*t = l + 152. Let g = -21 - p. Calculate the highest common divisor of 19 and g.
19
Let y(o) = -27*o**3 + 2*o**2 + 2*o + 1. Let v be 6/3 - (1 - -2). Let b be y(v). What is the greatest common divisor of b and 7?
7
Suppose 0*h - 135 = -3*h. Let i(l) = -31*l - 1. Let u be i(-1). What is the greatest common divisor of u and h?
15
Suppose 49 = 3*y + 5*u - 53, 5*y - 2*u = 170. Calculate the greatest common divisor of y and 85.
17
Let h be 0/((-4)/(-2)) - -2. Let i = 11 + 1. Suppose 0 = 2*t - 2*s - i, 4*s - 2 = t - 11. What is the greatest common divisor of t and h?
1
Suppose r = -4*r + 825. Let x(o) = o**3 - 9*o**2 - 12*o + 35. Let p be x(10). Calculate the highest common factor of p and r.
15
Let l(b) = b - 4. Let a be l(8). Suppose 308 = -0*t + a*t. Let f = -45 + t. Calculate the highest common divisor of f and 16.
16
Let x(n) = -n + 8. Let l be x(6). Let d(h) = 33*h + 2. Let z be d(l). Suppose -2*p = -0*p - 34. Calculate the greatest common divisor of z and p.
17
Suppose -2*a + 11 = a + d, 2 = d. Suppose 2*x + a*x = 100. Suppose 13 = k + 3. Calculate the highest common divisor of k and x.
10
Suppose -10 = 3*k - 85. What is the greatest common factor of k and 5?
5
Suppose 0 = 5*l - 0*l - 60. Suppose -2*a = -3*a + 264. Let j = a - 156. What is the highest common divisor of j and l?
12
Suppose p - 2*a = -7*a + 45, 5*a - 5 = 0. Suppose 3*s - 10 = 14. Calculate the highest common divisor of s and p.
8
Let k(t) = t + 6. Let x(o) = -o - 7. Let c(f) = -5*k(f) - 4*x(f). Let y be c(-8). Let m be (y/(-12))/(2/(-8)). Calculate the greatest common factor of m and 2.
2
Let d(s) = -4*s. Let w be d(-1). Suppose i = -3, -t + 3*i + 14 - 2 = 0. Suppose -r = -t*r + 12. What is the greatest common factor of w and r?
2
Let v(j) = -2*j**3 - 4*j. Let y be v(-5). Let r be ((-12)/(-10))/(51/25 + -2). What is the highest common divisor of y and r?
30
Suppose -4*j + 3 + 9 = 0. Suppose 35 = -j*h - 46. Let m be (-1)/(-2) - h/2. What is the highest common divisor of m and 35?
7
Suppose -5*m + 5*d = 0, -4*m + 20 = -d + 5. Let y be 4 + m - 4/(-2). Let w be 150/14 + 6/21. Calculate the greatest common factor of w and y.
11
Let q = 35 - 33. Calculate the highest common factor of q and 3.
1
Suppose 6*f - 2*f = 20. Let d = 8 + 2. Let k be 2/(-3)*d*-3. What is the greatest common factor of k and f?
5
Let z be -7 + 17 - (0 - (2 - 3)). Calculate the highest common divisor of 27 and z.
9
Suppose -2*m - 6 = -o, 0 = 5*o - 4*m + 4 - 28. Let h(f) = -f - 1. Let g be h(-9). Suppose i - g = o. What is the highest common divisor of i and 132?
12
Suppose -7 = -b + 4*r, 3*r + 28 = 4*b - 0*r. Let z = 10 - b. What is the greatest common divisor of z and 6?
3
Let z be 24 + 3 + (-8)/2. Calculate the highest common divisor of z and 46.
23
Let w be (-2)/2 + 130 + 3. Let l = w - 76. What is the highest common factor of l and 8?
8
Let q be ((-12)/15)/((-1)/100). Let x(k) = k**3 + 8*k**2 - 2*k + 16. Let a be x(-8). What is the greatest common factor of a and q?
16
Suppose -6 = -5*b - 1. Let k = b - 1. Suppose 3*y + 13 + 5 = 3*i, -y - 3 = k. Calculate the greatest common divisor of 2 and i.
1
Suppose 0 = 2*x - o - 86, -2*x + 59 = o - 23. Calculate the highest common factor of 21 and x.
21
Suppose -4*c - g + 7 + 6 = 0, 4*g = -4*c + 28. Suppose c*k + k - 297 = 0. Let h = 37 - 26. Calculate the highest common factor of k and h.
11
Suppose 0*d - 345 = -5*d. Let l be d/21 + (-2)/7. Let o be (12/(-9))/((-2)/l). Calculate the greatest common divisor of o and 4.
2
Let h be -3*(2 - (4 - 1)). Suppose h*c = 322 + 83. Calculate the greatest common divisor of 27 and c.
27
Suppose 0 = h + 4. Let c = h + 38. What is the greatest common divisor of 17 and c?
17
Let g be 5 + -1 + 7 + 1. Calculate the greatest common factor of g and 96.
12
Let j be (-12)/(-48) + 262/8. What is the highest common divisor of 3 and j?
3
Let r(i) = -i**3 + 7*i**2 - 4*i + 2. Let d be r(6). Calculate the highest common divisor of d and 14.
14
Let v be (-40)/10 + 17 + 2. Calculate the greatest common divisor of 195 and v.
15
Let q = -28 + 46. Calculate the highest common divisor of q and 54.
18
Let i be 4/(-2)*(-15)/(-6). Let m = i + 4. Let d be (2 + -3)/(m/13). What is the highest common factor of d and 26?
13
Let x be 0 - 3/((-6)/52). Let w = -27 + 92. Calculate the highest common factor of x and w.
13
Let f(x) = -x**3 - 5*x**2 + 6*x + 7. Let c be f(-6). Suppose -2*m - 22 = -w, -w = -0*m + 5*m - 43. What is the highest common factor of c and w?
7
Let c(a) = -4*a - 2. Let p be c(-3). What is the highest common factor of 110 and p?
10
Suppose 0 = -5*w - 5*g + 2132 + 773, 3*w - 1755 = 3*g. Calculate the greatest common divisor of 53 and w.
53
Suppose -120 = -4*s - s. Let j(k) = 2*k**3 - 4*k**2 + 4*k - 2. Let u be 1/(-2)*(-1 - 3). Let z be j(u). Calculate the greatest common divisor of z and s.
6
Let x be 7*(-2)/4*-18. Let c be 7 + -4 - (1 - 5). Calculate the greatest common divisor of x and c.
7
Suppose 4*c = 7*c - 4*w - 112, -c = 2*w - 34. What is the highest common divisor of 72 and c?
36
Suppose g = 5 + 1. Let i be -12*(-9)/6*1. What is the highest common factor of g and i?
6
Let y = -8 + 9. Suppose 0 = s - h + 2, 5*s - s + h = 17. What is the greatest common divisor of s and y?
1
Let r(y) = y**2 - 5*y + 5. Let g be r(4). Suppose -18 = -2*f + 2*n + 4, -5*f = 4*n - 55. What is the greatest common divisor of g and f?
1
Let f be 232/20 - (-8)/20. What is the highest common factor of 60 and f?
12
Let m = -5 + 5. Suppose m = -2*f - 3*f + 165. What is the highest common divisor of f and 11?
11
Let r(i) = -3*i + 4*i**2 + 0*i**2 - i**3 - 5 + 0*i + 11. Let n be r(3). Calculate the highest common divisor of n and 54.
6
Let u(f) = -41*f**3 + f. Let x be u(-1). Calculate the greatest common divisor of x and 8.
8
Suppose 0 = 4*u + 20, -6*a + u + 173 = -2*a. Let d = 6 + 0. Calculate the greatest common factor of d and a.
6
Let k = 61 + 9. Suppose -o + k = 4*o. What is the greatest common factor of 2 and o?
2
Suppose 4*s = -2 + 10. What is the greatest common factor of 18 and s?
2
Let f(l) = 2*l**3 - 5*l**2 + 1. Let q be f(4). What is the greatest common factor of q and 7?
7
Let w(r) = -r + 78. Let a be w(13). Let x be 26 + 0/(1*-2). What is the highest common divisor of a and x?
13
Let v(x) = 9*x**2 + x. Let u be v(-1). Calculate the highest common factor of 28 and u.
4
Suppose -6 = -2*q + 22. What is the highest common divisor of 7 and q?
7
Suppose -39 = -4*j + 49. Suppose 118 = 4*i - 2*z, -i + 0*z = -2*z - j. Suppose 0*k = 3*k - 24. What is the greatest common factor of k and i?
8
Let d(y) = 8*y + 3 + 0*y**2 - 3*y**2 + 4*y**2. Let l be d(-9). What is the highest common factor of l and 132?
12
Let n be (460/25)/(6/15). Suppose -n = -2*u + 2. Calculate the highest common divisor of 8 and u.
8
Suppose 4*i - 30 = -c + 27, -3*i = -c - 48. Calculate the greatest common factor of i and 60.
15
Let y(s) = s**3 - 3*s**2 - 8*s - 4. Let m be y(6). Let z = 5 + -2. Suppose 5*l + z = -7, 2*l + 44 = 5*u. Calculate the greatest common divisor of u and m.
8
Let s = -1 + 4. Let k be (-5 - -2)*3*-1. What is the greatest common divisor of s and k?
3
Let j(o) = o**3 + 2*o**2 + 5*o - 5. Let b be j(3). Calculate the greatest common divisor of 22 and b.
11
Let m(q) = -q**3 + 64 + 3*q**3 - q**3 + q. Let t be m(0). Suppose -3*p + 2*w = -50, 0 = 2*p - 2*w - 32 - 2. What is the highest common divisor of t and p?
16
Suppose x - 962 = -3*v, 2*v - 3*x - 242 = 392. Let g be (v/(-6))/(-4)*3. Calculate the greatest common divisor of 8 and g.
8
Let s(r) = r - 5. Let l be s(5). Suppose -2*y = 6, 3*b - 4*b = -4*y - 56. Suppose 0 = 2*o - l*o - b. What is the highest common factor of 55 and o?
11
Suppose 11 + 3 = 2*v. Let t(s) = -4*s + 1. Let a be t(-1). Suppose -4*w + 92 = 2*r + 2*r, a*w - 95 = 5*r. What is the greatest common divisor of w and v?
7
Suppose 6*q - 6 = 3*q. Suppose -9 = -q*y + 3. Suppose 2*j - 3*j = -9. Calculate the highest common divisor of j and y.
3
Let q(r) = 4*r - 3*r - 2*r + 0*r. Let d be q(-2). What is the greatest common factor of 22 and d?
2
Let u(z) = -z**2 + 9*z - 6. Let i be u(4). Calculate the highest common divisor o